35
Calculate the highest common factor of 320 and 140.
20
What is the highest common factor of 231 and 63?
21
What is the highest common divisor of 555 and 222?
111
What is the highest common factor of 29 and 203?
29
What is the highest common divisor of 4 and 964?
4
What is the highest common divisor of 270 and 180?
90
Calculate the highest common divisor of 7772 and 1206.
134
What is the highest common divisor of 885 and 30?
15
Calculate the greatest common factor of 59 and 59.
59
What is the greatest common divisor of 768 and 32?
32
What is the highest common divisor of 4 and 726?
2
Calculate the greatest common divisor of 3 and 81.
3
Calculate the highest common factor of 64 and 24.
8
Calculate the greatest common divisor of 1776 and 48.
48
Calculate the greatest common factor of 34 and 221.
17
Calculate the greatest common divisor of 285 and 45.
15
What is the greatest common factor of 374 and 170?
34
Calculate the highest common divisor of 176 and 64.
16
What is the highest common factor of 407 and 148?
37
What is the greatest common divisor of 8 and 64?
8
Calculate the highest common factor of 66 and 2706.
66
Calculate the highest common factor of 288 and 272.
16
Calculate the greatest common factor of 22 and 4070.
22
What is the greatest common divisor of 30 and 285?
15
What is the highest common divisor of 1558 and 152?
38
What is the highest common divisor of 58 and 870?
58
Calculate the highest common divisor of 1614 and 42.
6
What is the greatest common factor of 545 and 7303?
109
Calculate the highest common divisor of 27 and 288.
9
Calculate the highest common divisor of 96 and 5424.
48
Calculate the highest common divisor of 1020 and 1760.
20
Calculate the highest common factor of 34 and 1122.
34
What is the greatest common factor of 93 and 7316?
31
Calculate the greatest common divisor of 285 and 150.
15
What is the greatest common divisor of 9 and 45?
9
Calculate the highest common divisor of 306 and 68.
34
Calculate the greatest common factor of 2709 and 441.
63
Calculate the highest common factor of 112 and 21.
7
Calculate the highest common factor of 78727 and 187.
187
Calculate the greatest common factor of 142 and 213.
71
Calculate the greatest common factor of 45 and 2826.
9
Calculate the greatest common factor of 25 and 1.
1
Calculate the greatest common factor of 234 and 26.
26
Calculate the highest common divisor of 40 and 28.
4
Calculate the highest common divisor of 44 and 121.
11
What is the highest common factor of 2795 and 65?
65
Calculate the greatest common divisor of 42 and 42.
42
What is the greatest common divisor of 2724 and 12?
12
Calculate the greatest common divisor of 492 and 5043.
123
Calculate the greatest common divisor of 80 and 1024.
16
Calculate the highest common divisor of 51 and 5151.
51
What is the greatest common factor of 177 and 9381?
177
Calculate the greatest common factor of 5496 and 24.
24
What is the greatest common divisor of 54087 and 11?
11
What is the greatest common divisor of 276 and 10557?
69
Calculate the greatest common divisor of 355 and 923.
71
Calculate the greatest common divisor of 972 and 9.
9
Calculate the greatest common divisor of 346 and 13148.
346
Calculate the highest common divisor of 43 and 817.
43
Calculate the greatest common factor of 4 and 52.
4
What is the highest common factor of 381 and 12?
3
What is the greatest common factor of 1339 and 585?
13
What is the highest common divisor of 135 and 75?
15
What is the highest common divisor of 3756 and 12?
12
What is the highest common factor of 200 and 40?
40
What is the highest common divisor of 11100 and 200?
100
What is the highest common divisor of 13 and 117?
13
What is the greatest common divisor of 78 and 104?
26
What is the greatest common factor of 20004 and 3?
3
What is the greatest common divisor of 6 and 546?
6
Calculate the highest common divisor of 1364 and 372.
124
Calculate the greatest common divisor of 4738 and 618.
206
What is the highest common divisor of 351 and 54?
27
What is the greatest common divisor of 111 and 185?
37
Calculate the highest common divisor of 308 and 1309.
77
Calculate the highest common factor of 7773 and 3.
3
Calculate the greatest common factor of 10 and 440.
10
What is the highest common divisor of 38 and 7334?
38
What is the highest common divisor of 952 and 56?
56
Calculate the highest common divisor of 815 and 30.
5
Calculate the greatest common divisor of 996 and 252.
12
What is the greatest common divisor of 3 and 111?
3
What is the highest common factor of 198 and 462?
66
What is the highest common divisor of 10160 and 64?
16
Calculate the greatest common factor of 7 and 203.
7
Calculate the greatest common factor of 45624 and 24.
24
Calculate the greatest common divisor of 1265 and 115.
115
Calculate the greatest common factor of 168 and 3066.
42
What is the highest common divisor of 14861 and 154?
77
What is the greatest common factor of 11 and 803?
11
Calculate the greatest common divisor of 10766 and 14.
14
What is the highest common divisor of 54 and 72?
18
Calculate the highest common factor of 2117 and 1769.
29
Calculate the greatest common factor of 24 and 2424.
24
What is the greatest common factor of 418 and 1007?
19
What is the highest common divisor of 252 and 196?
28
Calculate the greatest common divisor of 218 and 981.
109
Calculate the highest common factor of 36932 and 28.
28
Calculate the greatest common divisor of 87 and 58899.
87
Calculate the greatest common factor of 231 and 28.
7
What is the greatest common divisor of 10 and 275?
5
What is the greatest common divisor of 20 and 1276?
4
Calculate the greatest common divisor of 108 and 234.
18
What is the greatest common factor of 6 and 1146?
6
What is the highest common factor of 943 and 41?
41
Calculate the greatest common divisor of 100 and 5900.
100
What is the greatest common divisor of 130 and 60?
10
Calculate the highest common divisor of 58 and 15863.
29
Calculate the highest common factor of 17 and 34.
17
Calculate the highest common factor of 8 and 8.
8
Calculate the greatest common divisor of 54 and 264.
6
What is the greatest common factor of 264 and 231?
33
What is the greatest common factor of 75 and 135?
15
Calculate the greatest common factor of 165 and 55.
55
What is the highest common divisor of 6 and 6?
6
What is the highest common divisor of 141 and 118299?
141
What is the highest common divisor of 4 and 2284?
4
What is the highest common factor of 132 and 418?
22
What is the highest common divisor of 136 and 56?
8
Calculate the greatest common divisor of 1225 and 147.
49
What is the greatest common factor of 209 and 19?
19
Calculate the greatest common divisor of 5 and 655.
5
Calculate the greatest common divisor of 10296 and 286.
286
Calculate the highest common factor of 212 and 8.
4
Calculate the greatest common divisor of 37 and 296.
37
Calculate the highest common factor of 48 and 432.
48
What is the highest common factor of 738 and 1230?
246
Calculate the greatest common factor of 1568 and 32.
32
What is the highest common divisor of 122 and 2379?
61
Calculate the greatest common factor of 98 and 224.
14
Calculate the highest common divisor of 42 and 1442.
14
Calculate the greatest common factor of 4368 and 7.
7
Calculate the highest common divisor of 710 and 40.
10
What is the greatest common factor of 125 and 55?
5
Calculate the greatest common factor of 400 and 75.
25
Calculate the highest common divisor of 2356 and 31.
31
Calculate the greatest common divisor of 585 and 4212.
117
What is the greatest common divisor of 85 and 5389?
17
Calculate the highest common divisor of 30 and 60.
30
Calculate the greatest common divisor of 68 and 952.
68
Calculate the greatest common divisor of 72 and 488.
8
What is the greatest common factor of 3876 and 18?
6
Calculate the highest common factor of 34 and 5729.
17
Calculate the highest common divisor of 7 and 4837.
7
Calculate the highest common divisor of 33 and 429.
33
What is the greatest common divisor of 67 and 6767?
67
Calculate the greatest common divisor of 40 and 4280.
40
Calculate the greatest common factor of 7 and 175.
7
Calculate the highest common divisor of 208 and 160.
16
Calculate the greatest common fact